 = 3*a + 3. Calculate the remainder when j(x) is divided by 9.
6
Suppose 4 = -3*v - 8, 5*v - 72 = -2*l. Let o = l + -20. Calculate the remainder when o is divided by 14.
12
Let f = 91 + -48. Let b = 270 - 248. Calculate the remainder when f is divided by b.
21
Let g(m) = -2*m**2 + 3*m + 4. Let y = -5 - -9. Let p be g(y). Calculate the remainder when 52 is divided by p/6*(-54)/8.
16
Let w = -49 + 74. Suppose 6*t = t + w. Let s(g) = 2*g**2 + g - 1. Calculate the remainder when s(-3) is divided by t.
4
Let l(i) = -i**2 - 9*i + 1 - 1 - 6. Let z(m) = m**2 - 5*m - 6. Let f be z(5). Calculate the remainder when l(f) is divided by 7.
5
Let j(n) = 10*n - 4. Calculate the remainder when j(5) is divided by 25.
21
Suppose -42 = -2*x + 16. Calculate the remainder when 85 is divided by x.
27
Suppose -b + 3 = -4. Let c = -67 + 99. Suppose -5*d + 63 = -c. Calculate the remainder when d is divided by b.
5
Suppose -d + 5 = -1. Calculate the remainder when 59 is divided by ((-40)/d)/(7/(-21)).
19
Let d = -14 - -57. What is the remainder when d is divided by (-2 + 1)/((-1)/15)?
13
Suppose -2*z = -0*z - 8. Let u(k) = k - 1. Let d be (-2)/(-1 - 3/(-9)). Calculate the remainder when z is divided by u(d).
0
Suppose -s - 4*l + 50 = 4*s, 0 = 2*s - 2*l - 38. Let v(z) = -3*z - 6. Let d be v(-4). Calculate the remainder when s is divided by d - (-2 + (-2 - -2)).
6
Suppose -3*x + 176 = 5*a, -2*x + 251 = 5*a + 72. What is the remainder when a is divided by 19?
18
Let u(s) = 49*s + 2. Let q be u(1). Let c = q + -32. What is the remainder when 56 is divided by c?
18
Let d = 36 + -22. Calculate the remainder when 40 is divided by d.
12
Suppose 3*l + 3 = 0, r - 2*l - 5 = -0. Let b(o) = -o - 1. Let u(j) = j - 2. Let m be u(-4). Calculate the remainder when b(m) is divided by r.
2
Let b = 73 - -20. What is the remainder when b is divided by 16?
13
Suppose -3*v + 4*v - 12 = -2*b, 0 = 5*v + 2*b - 76. Let c(i) = 2*i - 7. Let y be c(6). Let z = 4 + y. What is the remainder when v is divided by z?
7
Let i(g) = -g**2 + 5*g + 4. Let k be i(6). Let f be k/4 + 15/6. Suppose -f*r + 9 + 1 = 0. Calculate the remainder when 14 is divided by r.
4
Let v(t) = -t**3 - 5*t**2 + t + 3. What is the remainder when v(-6) is divided by 7?
5
Let i = 71 - 33. Suppose -r + 2*r - i = 0. What is the remainder when r is divided by (-9)/(-6)*26/3?
12
Let s = -42 - -49. Suppose 5*t - 94 = 3*w, -4*t = 3*w + w - 88. Calculate the remainder when t is divided by s.
6
Suppose -4*k = 5*h - 32, -h - h + 14 = 2*k. Suppose 0 = -d + h*d + 4*m - 81, d + 5*m = 16. What is the remainder when d is divided by 8?
7
Let x(i) = i**3 + 12*i**2 + 10*i + 15. What is the remainder when x(-10) is divided by 29?
28
Let m(w) = -w - 3. Let i be m(-6). Suppose 0 = 3*z - 18 - i. Suppose 0*a - o = 3*a - 56, 0 = 2*a + o - 37. Calculate the remainder when a is divided by z.
5
Let i(a) = -a**3 + 7*a**2 + 5*a - 8. Let p be i(6). Suppose 2*y - p = -0*y. Calculate the remainder when y is divided by 10.
9
Let r(c) = c**3 - 8*c**2 - 3*c - 14. Calculate the remainder when r(9) is divided by 18.
4
Let b(d) = -d**3 + 6*d**2 - 3*d - 4. Suppose f - 5 = -0*f, -3*o = 5*f - 37. Let i(t) = 3*t - 3. Calculate the remainder when b(o) is divided by i(3).
4
Let p be (-4)/8*(-1 + -9). Let f = p - 1. Suppose -3*m + 5*o - 1 = 0, -2*o + 3*o + 10 = 4*m. What is the remainder when f is divided by m?
1
Let l(s) = s**2 - 4*s - 7. Let y be l(5). Let b(w) = -3*w**3 - w**2 + w + 1. Let h(o) = o**2 + 3*o. What is the remainder when b(y) is divided by h(-5)?
9
Suppose -36 = -0*a - 2*a. Let l = a + -4. What is the remainder when 54 is divided by l?
12
Suppose g - 4*g = -45. Suppose g = 4*x - 5. What is the remainder when 8 is divided by x?
3
Suppose 2*b = 5*b - 2*h - 79, 0 = 4*h - 16. Let n(j) = -j + 11. Calculate the remainder when b is divided by n(-5).
13
Suppose -2*l + 2 - 12 = 0, -3*l + 162 = 3*j. Calculate the remainder when j is divided by -2 + 5 + -5 - -22.
19
Let g(t) = t - 6. Let y(s) = -s + 7*s + 4*s**2 + 0*s - s**3 - 4. Calculate the remainder when y(4) is divided by g(13).
6
Let o(v) = v**2 - 5*v + 2. Calculate the remainder when o(9) is divided by 20.
18
Let q = 9 - 5. Suppose q*r - 134 = -54. What is the remainder when 39 is divided by r?
19
What is the remainder when 65 is divided by (-49)/(-3) - (-8)/12?
14
Let u(o) = -2*o - 10. Let s be u(-8). Suppose 3*m = 3*g + 39, s = 2*m + g - 20. What is the remainder when 38 is divided by m?
12
Let k(x) = x + 16. Let z = 8 + -6. Calculate the remainder when 1/z + (-45)/(-2) is divided by k(-8).
7
Let r(c) = 4*c**2 - c + 2. Calculate the remainder when r(-5) is divided by 27.
26
Let x be (-65)/(-15) - 2/6. What is the remainder when 9/2*x/6 is divided by 5/2*(-6)/(-5)?
0
Let i be (-2)/(-7) + (-182)/(-49). Suppose 26 = 3*k - i. Calculate the remainder when 37 is divided by k.
7
Let z(y) = y - 1. Let w be z(3). Suppose 5 = -w*i + 19. Suppose -l + i = -0*l. What is the remainder when 13 is divided by l?
6
Suppose 0*n + n + 2 = 0. Let o = -42 - -43. Let z = o - n. What is the remainder when 8 is divided by z?
2
Suppose 1 = -2*s + 7. What is the remainder when 4 is divided by s?
1
Let y = 46 + 16. Calculate the remainder when y is divided by 16.
14
Suppose -5*y + 5*q + 145 = 0, q - 6*q + 95 = 3*y. Let g = 25 + -14. Calculate the remainder when y is divided by g.
8
Let a(z) = -z**2 - 5*z - 1. Calculate the remainder when a(-2) is divided by 2.
1
Let t be -1 + 34*(-21)/(-6). Let p = t + -84. Calculate the remainder when p is divided by 18.
16
Suppose -4*n + y = -1, 2*y - 1 = 2*n - 3. Suppose -q + 10 = -n*q. Let f = -4 + q. What is the remainder when f is divided by 4?
2
Let s(n) = -34*n - 2*n**2 + n**3 + 34*n + 2. Calculate the remainder when 2 is divided by s(2).
0
Suppose -4*t = z - 87, t - 4*z = 17 + 9. Calculate the remainder when 63 is divided by t.
19
Suppose 4*o + 8 = 0, 0*o - 5*o + 1974 = l. Let m be (-2)/(-3) - l/6. Calculate the remainder when (2/(-4))/(3/m) is divided by 19.
17
Let o(r) = -5*r + 4. What is the remainder when o(-3) is divided by ((-10)/(-6))/((-2)/(-12))?
9
Let c(w) = -w**3 - 4*w**2 + 6*w + 5. Let r be c(-4). Let y = -8 - r. Calculate the remainder when 0 - ((-2)/(-1) - 34) is divided by y.
10
Let i(m) = m + 5. Let l be i(-7). Suppose 3*a = 95 + 1. What is the remainder when a is divided by (-104)/(-6) - l/(-6)?
15
Suppose 20 = 6*i - i. Suppose 3*j = i*q - 30 + 1, 4*q - 31 = j. Calculate the remainder when q is divided by (-1 - -5 - 1)*1.
2
Calculate the remainder when 4 is divided by -2 - ((-1 - 2) + 0).
0
Let q(k) = 4*k - 4. Let f be q(5). Suppose -2*y = -0*y - f. Let a = 36 + -22. What is the remainder when a is divided by y?
6
Suppose 56 + 1 = 3*o. What is the remainder when 34 is divided by o?
15
Let o(v) = v**3 - 8*v**2 + 12. Calculate the remainder when 83 is divided by o(8).
11
Suppose -5*g + g + 172 = 0. Suppose -g = -5*l + 47. Calculate the remainder when 33 is divided by l.
15
Let j(d) = -d**3 + 5*d**2 + 10*d - 11. What is the remainder when 38 is divided by j(6)?
12
Suppose 63 = -2*v + 181. Calculate the remainder when v is divided by 15.
14
Suppose -1 = r - 6. Suppose h + 0*h = -5, -5*n + h = -15. Suppose -n*y = q - 15, -r*q + 81 = y + 15. What is the remainder when 25 is divided by q?
12
Let o = 47 - 35. Calculate the remainder when 239 is divided by o.
11
Let z be -24 - -2*1/(-2). Let t = z - -61. Suppose 4*y - y - t = 0. Calculate the remainder when 35 is divided by y.
11
Let g(z) = 3*z + 7. Calculate the remainder when g(6) is divided by 14.
11
Calculate the remainder when (3 - -3)/3 + 30 is divided by 11.
10
What is the remainder when (8/(-12))/((-4)/576) is divided by 33?
30
Suppose 2*v - 5*v - 5*y + 218 = 0, 3*v + 3*y = 228. Suppose -5*f - v - 78 = -4*s, 4*s - 179 = f. What is the remainder when s is divided by 24?
22
Let a(s) = s + 15. Suppose -k + 95 = 5*f, -k = 2*k. Calculate the remainder when f is divided by a(-8).
5
Suppose -3*a + 6*a = 63. Let i = 23 + -12. What is the remainder when a is divided by i?
10
Suppose -3*w - 3 = 5*t, -3*t - 19 + 2 = -2*w. What is the remainder when (-3)/((-4)/12*1) is divided by w?
1
Let t(d) = -6*d**3 + d**2 - 4*d - 3. What is the remainder when t(-2) is divided by 20?
17
Suppose 2*y - 3*c - c - 16 = 0, 4*y = 5*c + 44. What is the remai